- 3).
54
What is 1 + 23 + (-126 - -59) + 53?
10
Calculate (828 - 874) + (66 - 3).
17
What is (24 - (-4 - -13)) + (-5 - -4) + -28?
-14
Calculate (-73 - -74 - (4 + -11 - 2)) + 10.
20
Calculate 22 - 8 - (-271 - -340).
-55
What is the value of 0 + -1 - (-344 + 360)?
-17
What is the value of (-5 + (25 - 33) - 7) + 43?
23
Calculate 0 + -8 + (22 + -12 - ((1 - -69) + -1)).
-67
What is (-3 - (-5 - -4)) + (2 - 20) + (12 - 6)?
-14
Evaluate 58 - (1 + -18 + -23 + 23).
75
-893 - -839 - (-86 + 5)
27
Evaluate (-26 + -2 - -2) + (965 - 1051).
-112
Calculate 124 + -5 - 122 - (-1 - -8).
-10
What is the value of 74 - (83 - (-125 - -89))?
-45
What is (37 - (8 - (-34 - 19))) + 5?
-19
Evaluate -17 + 20 + (-9 - (2 - 30)).
22
What is the value of -14 + 0 - ((-9 - -3 - 6) + 11)?
-13
What is the value of (12 - 2) + (2 - -36) + (-2 - -2 - -2)?
50
-6 + (6 - -6) - (5 + (72 - (2 - 1)))
-70
What is -1 - -4 - -2 - (-32 + 92)?
-55
Evaluate (-10 + 0 - 64) + -13 + (-4 - (5 + -12)).
-84
What is (12 + -2 + 5 + -10 - 9) + 14?
10
Evaluate -8 - (81 + 0 - (-77 + 5 + 64)).
-97
Evaluate -23 - (-24 + 75) - -34.
-40
What is (11 - -5) + (-2 + -13 + 7 - 16)?
-8
Calculate -2 - (-61 + (2 - 1)) - (-3 - (4 + -10)).
55
What is 19 + 3 + -3 + (119 - 127) + -95?
-84
Evaluate -2993 + 2980 - (-2 + 2 + -1 - 23).
11
What is the value of 5 + (-15 + 12 - -8) - -22?
32
Calculate 55 + 0 - 2 - (-4 + -5 - (-56 + 36)).
42
What is -12 + 4 + 3 + (109 - 130)?
-26
2 + 89 + -75 + -84
-68
-102 - (-92 - -104 - 94)
-20
What is the value of (1 - 3 - -7) + 1 + -56 + (34 - -38)?
22
Calculate -70 - (-72 + 54) - -25.
-27
Evaluate 60 + 0 + (-8 - (39 + -48 - -9)).
52
Evaluate -1 + -69 - (17 - (94 + -82)) - 6.
-81
What is (1 - (18 + 11 + -17) - (-1 - 4)) + 99?
93
What is -11 - (28 - -58) - -21?
-76
-45 - (15 - (65 + -31)) - -45
19
What is the value of -34 - (-91 + 17) - 107?
-67
(-198 - -76) + 28 - -143
49
55 + -5 + 8 + -9 + 9 + (-1 - 9)
48
Evaluate 2 + (4 + (-8 - -15) + -2 - (16 + -21)).
16
21 + -18 + -26 + 18
-5
What is (-55 - -4 - -33 - -32) + (-7 - -1)?
8
What is the value of (3 + 30 - (-57 + 157)) + 38?
-29
What is the value of (6 - (12 + -15 + 8)) + (-22 - 8) + -3?
-32
Calculate -32 + -17 + 34 + 5.
-10
Evaluate -36 - (21 + 8 + (-7 - -23)).
-81
Evaluate -2 + 2 - -45 - (-177 + -90 + 267).
45
What is the value of 3 + 34 - (-36 - (-15 - 2))?
56
What is the value of 0 + (-67 - (-48 - -1) - (46 + 2))?
-68
What is the value of -43 - (1 - -24 - (58 - (106 + -59)) - 1)?
-56
Evaluate (-3 + 3 - -2) + 198 + -211 + -8.
-19
(28 - (-12 + 62 + -17)) + -79
-84
What is the value of (0 - -1) + 2 - (30 + (11 - 78 - -55))?
-15
What is -13 - (3 - (13 + 8) - -13)?
-8
Evaluate 227 - (165 - 65) - -17.
144
(-10 - (12 + 4 + -15)) + 5
-6
What is the value of (-68 - -33 - -42) + (5 - (-2 + 20) - 0)?
-6
0 + (8 - -10 - 37) - ((14 - 5) + 3)
-31
(7 - -1 - (30 + (18 - 35))) + 2
-3
What is the value of 957 - 952 - (3 + 1 + (0 - (1 - 110)))?
-108
5 + (36 - 47) + 0
-6
What is the value of (0 + -1 - -5 - 0) + (-6110 - -6117)?
11
What is 0 - ((-645 - -613) + 13 + -1 + -1)?
21
Evaluate -1 + (-9 + -9 - 26) + 19.
-26
2 + -2 + 100 + (-91 - -74 - -5)
88
What is (-11 - -14 - 20) + (46 - -27)?
56
Calculate (6 + 1 - (28 + -43)) + (192 - 304).
-90
Evaluate 94 + -40 - 75 - (9 - -1).
-31
Evaluate 4 - (-7 + -3 - 4 - -3).
15
Evaluate (10 - -9) + (-6 + -5 - (100 - -7)).
-99
Calculate -1 - -39 - (6 + -23).
55
Calculate 60 + -158 + (58 - -63).
23
What is the value of (71 - 125) + (5 - 24 - -4)?
-69
Evaluate 1 + 5 - 7 - (87 - -13) - 1 - -9.
-93
What is -65 + (-47 + 54 - -111)?
53
What is the value of (7 + -5 + 5 + -13 - -30) + 7?
31
Calculate (4 + -3 - 23) + (84 - 29) + -68.
-35
Calculate 102 + (117 + -206 - 66).
-53
Calculate -2 + 3 + (4 - (9 + (5 - 7)) - 0).
-2
Calculate -64 + 66 + 86 + -41.
47
(-51 - 37 - -60) + -4
-32
What is (8 - (1 + 6) - (-17 + 15)) + -11?
-8
What is -1397 - -1293 - (-9 - (-31 - -2))?
-124
Evaluate 0 - 20 - 0 - (254 + (243 - 457)).
-60
Calculate -17 + 0 + -3 + -192 + 230.
18
Evaluate 1 + -1 + -1297 + 1313 + -21.
-5
What is the value of -109 + (17 - (-58 + 77))?
-111
Evaluate 10 + -30 - (0 + 135 + (-586 - -561)).
-130
What is 37 + (-10 - -26) + -7 + -25?
21
Calculate -161 - -251 - (-1 + -15).
106
Evaluate 35 - (11 + 24 - -25).
-25
What is the value of (1 - 47) + (641 - 630) - 14?
-49
1 + (-1 + -1 - -17 - (7076 + -7065))
5
What is (307 - 285) + ((14 - 7) + -14 - 12)?
3
Calculate 27 + (367 - 389) + 0 + 21.
26
What is the value of -34 + (28 - 40) + 102?
56
What is the value of -64 + 172 + -28 + -45?
35
-3 + (-47 - -15) + -1 + 26
-10
What is the value of 500 - 526 - (2 - 15)?
-13
Evaluate (-1 - -1) + -8 - (54 + 0 + -28 - 67).
33
Evaluate -46 + (27 - 23) + 6.
-36
Evaluate 18 + -29 + (48 - 24).
13
Calculate -172 + 99 - -121 - 168.
-120
Evaluate 19 - (132 - (6 - -22)) - -5.
-80
Calculate 42 - ((-731 - -733) + (4 - (-1 - -19))).
54
Calculate -16 - (-2 - -5) - -18.
-1
What is the value of (-4 - (20 - 32 - 2)) + 20?
30
Calculate 45 - 37 - (4 + 0) - (-5 - (6 - 111)).
-96
Evaluate 8 + (-14 - -15 - 7) + -38.
-36
Calculate -205 + 151 - -67 - (0 - (1 + -25)) - 27.
-38
What is the value of -104 - (15 - 28) - 22 - -8 - 1?
-106
Calculate 389 - 323 - (23 - (4 + -3)).
44
What is (8900 - 8896) + (-1 - -4 - 1) + (3 - -114)?
123
What is the value of 49 + (-120 - (19 + -55))?
-35
What is the value of -35693 + 35577 + 30 + -1?
-87
Calculate (-2 - -6) + 3 + (2 + -26 - -8).
-9
What is the value of 22 - (-14 - (20 + -67 + -10))?
-21
What is the value of -14 - -32 - -35 - 29?
24
(91 - 79) + (-17 - -6)
1
-8 - (4 - (17 - 7) - -35) - -3
-34
Evaluate 5 + 28 + (-41 - 1) - 11.
-20
Evaluate (22 - 44) + (-4 - -10) + (-9 - -2).
-23
Calculate (-1 - -5) + 0 - (-83 - (-36 - -2) - -56).
-3
Calculate -3 + 2 + 53 + 83 + -75.
60
What is the value of (1507 - 1490) + -121 + 2 + 1 + -2?
-103
-130 + 29 - (17 - 41)
-77
26 - (9 + -32 + 36 + -40)
53
Calculate -10 + (23 - -17 - -88).
118
Calculate (-12 - -44) + (501 - 570).
-37
Calculate (11 - 0) + (-4 - -51 - 1 - 67).
-10
Calculate 20 + -1 + (-15 + 6 - -22) + -13.
19
Calculate -31 + (49 - (-29 - -21)).
26
What is -59 - (66 - (318 - 86))?
107
Evaluate -1 + -52 + (148 - (-82 + 211)).
-34
What is the value of -65 - (-68 + (-16 - -48))?
-29
What is the value of (20 - 2) + (-8 - (-44 - (-37 - -4)))?
21
What is the value of -22 + 0 + (-25 - (2 + -62 + 22 + 27))?
-36
Evaluate (18 - 12) + (18 - -6) + 32.
62
-45 - -76 - 14 - -17
34
What is the value of 96 + 2 - ((110 - 128) + 20)?
96
-8 + 7 + -2 + 0 + -11 - (109 - 125)
2
What is 25 - (2 + -36 + 43)?
16
Calculate (-2 - (-1 + 9)) + (17 - 33).
-26
What is (-1 - -2) + -4 - (-92 + (46 - 4) + 41)?
6
Calculate -1 + 16 - -2 - (-862 - -856).
23
Calculate -43 + 37 + 7 + 0 + -3.
-2
15 + 1 + (8833 - 8904)
-55
Evaluate 25 + (-8 - (1 + -2 + -1)) + -2.
17
What is (-1510 - -1529) + 0 + -87 - 32?
-100
Evaluate -1983 - -1944 - (2 - (2 - (-2 - -3))).
-40
What is the value of (335 - 374) + (-14 - -1)?
-52
What is (9 - 0 - (77 + -159 - -97)) + -7 + -1?
-14
What is -13 - (9 - 8) - -11 - (-87 - -133)?
-49
Calculate 8 - (-18 + (28 - 4) + -14).
16
Evaluate (-2 + 10 - 13) + -7 + (-55 - 10 - -4).
-73
What is 2 + 27 - (58 - 49) - -42?
62
What is 2614 - 2638 - (3 - (3 + 121))?
97
-1 - (1 - 32) - ((7089 - 7090) + 1 + -11)
41
What is the value of (49 - -61) + -143 + 149?
116
What is -66 + 669 + -696 + (3 - 13)?
-103
What is the value of 3 - (1 - (-1 - -90)) - (-6 - -22 - 10)?
85
-102 + (-39 - -17) - 15
-139
What is the value of (-195 + 127 + -72 - (1 + -11)) + 15?
-115
-1 + 0 + (29 - -33) - (-38 + -35 + 81)
53
6 - (6 + (-17 - -21)) - (1 + 30)
-35
-1 - 14 - ((0 - 28) + 1136 + -1112)
-11
What is -2 + (-10 - -2 - (-54 + -47 - 1))?
92
What is the value of -9 + 21 + (4 - 9) - (2 - (-37 + -2))?
-34
(3 - -47) + (170 - 193)
27
Calculate (-35 - -2) + (10 - -17) + -22 + 5 + 0.
-23
Calculate 29 + -10 + (4 + -3 - 11) + 19.
28
What is 6 + -5 + (-11 + (-8 - -8) - 10)?
-20
(13 - 66) + 3 + (-6 - -32)
-24
Calculate (-48 - -84) + -17 - (-85 - (-4 - -2)).
102
What is the value of (-14369 - -14482) + (-39 - (-4 + 2))?
76
What is 21 - (-29 - -27 - (-10 - 61) - -24)?
-72
-9 + 3 + -103 - (1 - (-3 - -10))
-103
39 + (76 + -67 - (-3 - -15))
36
What is the value of 9 + (0 - -1) + (10 - -295) + -438?
-123
What is (1 - -3) + 416 + -408 - ((-14 - -5) + -82)?
103
What